 Determine y(38).
11
Let t(i) = 105*i**2 - 119*i - 122. Calculate t(-1).
102
Let a(q) = 76*q**2 + 8512*q - 35. Calculate a(-112).
-35
Let x(m) = -5*m + 192. Determine x(36).
12
Let n(j) = 10*j - 13. Determine n(-9).
-103
Let f(k) = 168*k + 25. Calculate f(-2).
-311
Let z(m) = -347*m - 806. Calculate z(-4).
582
Let k(r) = 47*r - 92. Determine k(2).
2
Let a(l) = -23*l + 79. Determine a(9).
-128
Let h(d) = -1450*d + 18819. Calculate h(13).
-31
Let w(l) = -l**2 - 15*l + 293. What is w(-27)?
-31
Let x(n) = -53*n**2 - 1643*n - 13. What is x(-31)?
-13
Let b(d) = -d**3 + 97*d**2 + 67*d + 3033. Determine b(98).
-5
Let v(t) = 6*t - 54. Give v(5).
-24
Let t(i) = i**3 + 10*i**2 + 21*i + 2. Give t(-10).
-208
Let l(b) = b**2 + 67*b - 776. Calculate l(10).
-6
Let s(f) = f**3 - 24*f**2 + 85*f - 106. What is s(20)?
-6
Let d(g) = -97*g + 1714. Calculate d(19).
-129
Let c(f) = 9*f**2 + f + 17. Determine c(-2).
51
Let p(u) = -23*u**2 - 550*u - 40. What is p(-24)?
-88
Let n(z) = -3*z**2 + 2*z + 118. What is n(-9)?
-143
Let c(q) = -3*q**2 - 50*q - 134. Give c(-14).
-22
Let z(b) = b**2 - 227*b - 3137. Give z(-13).
-17
Let d(b) = b**3 + 186*b**2 + 2081*b - 1202. Give d(-174).
16
Let o(x) = x**3 - 77*x**2 + 174*x - 1807. What is o(75)?
-7
Let f(s) = -s**2 - 28*s - 113. Determine f(-20).
47
Let f(d) = 15*d**2 + 12*d + 44. What is f(-2)?
80
Let q(x) = x**2 + 29*x - 307. Calculate q(-38).
35
Let u(m) = 3*m**3 + 170*m**2 - 412*m + 66. Give u(-59).
7
Let i(x) = x**3 + 7*x**2 - 10*x - 8. Determine i(2).
8
Let h(v) = -v**3 + 5*v**2 + 28*v - 256. Give h(6).
-124
Let h(v) = -230*v + 22360. Determine h(97).
50
Let i(q) = 3*q + 94. What is i(13)?
133
Let o(q) = -3549*q + 7099. Calculate o(2).
1
Let g(u) = 60*u**2 - 4*u - 11. Calculate g(-2).
237
Let o(c) = c**3 - 8*c**2 + 6*c + 14. Determine o(3).
-13
Let p(m) = -480*m + 1460. Calculate p(3).
20
Let l(h) = h**3 - 9*h**2 + 3*h + 30. Calculate l(5).
-55
Let a(t) = -203*t - 10785. Calculate a(-53).
-26
Let b(w) = -3*w**2 - 2*w + 35. What is b(4)?
-21
Let f(v) = 40*v**2 - 521*v - 10. What is f(13)?
-23
Let m(l) = -6606*l - 231220. What is m(-35)?
-10
Let x(v) = -v**3 - 5*v**2 - 9*v - 15. Calculate x(-5).
30
Let i(f) = -96*f - 1334. Give i(-14).
10
Let i(n) = -n**3 - 3*n**2 + 13*n - 10. Give i(-5).
-25
Let i(k) = -8389*k + 25170. Give i(3).
3
Let d(r) = -64*r - 45. Calculate d(5).
-365
Let z(o) = o**3 + 10*o**2 - 8*o - 52. What is z(-8)?
140
Let s(f) = 2*f**3 - 11*f**2 + 91*f - 597. Give s(6).
-15
Let p(s) = -7*s - 175. Give p(-8).
-119
Let o(a) = 2*a**2 - 19*a - 45. Give o(10).
-35
Let n(o) = o**3 + 12*o**2 - 7*o - 34. Give n(-5).
176
Let u(i) = -10*i - 90. Determine u(-9).
0
Let q(c) = -c**3 + 16*c**2 + 173*c - 2503. Calculate q(11).
5
Let t(f) = -f**3 + 139*f - 388. Calculate t(3).
2
Let b(j) = -j**3 - 2*j**2 + 34*j + 98. Determine b(-3).
5
Let t(w) = -1411*w + 32445. Give t(23).
-8
Let z(u) = -1805*u + 140786. Determine z(78).
-4
Let i(a) = 6*a**2 + 469*a + 2790. What is i(-6)?
192
Let h(n) = 120*n**3 - 4*n**2 - 4*n + 3. Determine h(1).
115
Let w(g) = g**3 + 10*g**2 - 1052*g - 8542. Give w(-8).
2
Let i(m) = 3*m**3 + 28*m**2 - 54*m - 18. Determine i(-11).
-29
Let b(o) = 3*o**2 - 8*o + 44. Calculate b(3).
47
Let u(t) = 26*t - 706. Determine u(17).
-264
Let p(i) = -i**3 + 11*i**2 + 58*i + 35. What is p(15)?
5
Let k(t) = -4*t - 26. Calculate k(-23).
66
Let m(x) = 2*x**3 - 42*x**2 + 151*x - 2. Determine m(17).
253
Let f(u) = -u**3 - 15*u**2 + 26*u - 77. Give f(-17).
59
Let z(g) = -11*g**2 + 28*g + 19. Calculate z(3).
4
Let j(h) = -168*h + 158. Give j(1).
-10
Let m(p) = -p**3 - p**2 + 74*p + 43. Calculate m(-9).
25
Let v(t) = -60*t - 411. Give v(-8).
69
Let n(w) = -w**2 - 73*w + 75. What is n(-74)?
1
Let k(i) = -3*i**3 - 8*i**2 - 4*i - 37. What is k(-5)?
158
Let j(x) = 33*x - 49. Determine j(-2).
-115
Let d(a) = 110*a + 112. Determine d(-1).
2
Let i(r) = -2*r**3 - 9*r**2 + 2*r + 25. Give i(-4).
1
Let k(v) = -2*v**3 - 54*v**2 - 55*v - 132. What is k(-26)?
-54
Let f(o) = -3*o**2 + 55*o + 105. Calculate f(-2).
-17
Let u(c) = -118*c + 4579. Calculate u(39).
-23
Let k(m) = -3*m + 1. Determine k(-3).
10
Let k(s) = 2*s**3 - 18*s**2 + 27*s + 55. Determine k(6).
1
Let l(i) = 356*i - 18859. Give l(53).
9
Let n(b) = -2*b**3 + 35*b**2 - 91*b + 40. Determine n(2).
-18
Let p(z) = -2*z**2 + 289*z - 1963. Calculate p(7).
-38
Let g(j) = 5*j**3 - 214*j**2 - 44*j + 49. Determine g(43).
6
Let f(k) = 9*k - 11. What is f(20)?
169
Let d(v) = 90*v - 465. Give d(4).
-105
Let n(r) = 2*r**2 - 113*r - 195. Give n(58).
-21
Let y(u) = -629*u - 101891. What is y(-162)?
7
Let o(a) = -a**3 + 20*a**2 + 18*a + 24. Determine o(21).
-39
Let j(r) = -219*r + 48. Give j(1).
-171
Let m(x) = 28*x**3 + 312*x**2 + 34*x - 11. Give m(-11).
99
Let d(r) = -11*r**2 + 195*r - 90. What is d(17)?
46
Let i(a) = -55*a + 2252. Give i(40).
52
Let c(d) = -191*d + 11051. What is c(58)?
-27
Let z(n) = n**2 + 61*n + 110. What is z(-2)?
-8
Let s(c) = c**2 - 22*c - 191. Calculate s(-9).
88
Let p(h) = h**3 - 9*h**2 + 25*h - 45. Give p(0).
-45
Let x(d) = -24*d + 2823. What is x(132)?
-345
Let r(h) = h**3 + 6*h**2 + 109*h + 817. What is r(-7)?
5
Let i(o) = -87*o - 259. Determine i(-3).
2
Let o(i) = 5706*i + 34262. What is o(-6)?
26
Let u(i) = -6*i - 44. Give u(-6).
-8
Let c(i) = -158*i - 3167. Determine c(-20).
-7
Let m(f) = f**3 - 54*f**2 + 235*f - 14. Calculate m(4).
126
Let z(u) = 58*u + 127. Determine z(-2).
11
Let p(w) = 6*w**2 + 163*w - 325. What is p(-29)?
-6
Let j(y) = y**3 - 24*y**2 + 14*y + 187. Determine j(23).
-20
Let a(n) = n**2 + 214*n + 10235. Determine a(-72).
11
Let d(p) = 26*p**3 + 12*p**2 - 11*p + 45. What is d(3)?
822
Let x(s) = -94*s**2 - 61*s - 60. Determine x(-1).
-93
Let t(y) = -y**3 + 15*y**2 + 55*y - 22. What is t(18)?
-4
Let o(w) = -14*w**2 + 25*w - 6. Determine o(4).
-130
Let g(f) = -f**2 + 673*f - 4661. Determine g(7).
1
Let r(u) = 18*u**2 - 1530*u - 53. Give r(85).
-53
Let f(j) = -j**3 + 65*j**2 + 427*j - 74. Determine f(71).
-3
Let z(a) = -a**3 - 9*a**2 + 34*a + 76. Calculate z(-12).
100
Let k(q) = 8*q**3 + 48*q**2 + 93*q - 2. Calculate k(-2).
-60
Let s(o) = -o**3 + 8*o**2 - 70*o + 712. Determine s(9).
1
Let a(u) = 11*u**2 + 17*u - 11. What is a(3)?
139
Let l(o) = 243*o**2 - 47*o + 45. Calculate l(1).
241
Let y(k) = -70*k - 288. Calculate y(-7).
202
Let p(x) = 76*x + 11757. What is p(-155)?
-23
Let d(r) = 19*r**2 - 8*r - 2. What is d(3)?
145
Let n(x) = -6*x - 60. What is n(-20)?
60
Let r(q) = -q**2 - 52*q + 494. Give r(-60).
14
Let s(c) = -31*c + 1469. What is s(34)?
415
Let z(q) = -198*q**3 - q**2 - q. Give z(-1).
198
Let f(p) = -112*p + 37. What is f(0)?
37
Let b(a) = 26*a**2 - 32*a - 31. What is b(-3)?
299
Let u(y) = -30*y + 310. Calculate u(11).
-20
Let z(p) = 605*p - 2799. Give z(5).
226
Let i(r) = -r**3 - 9*r**2 + 8*r - 11. What is i(-10)?
9
Let m(q) = 50*q - 1207. Determine m(24).
-7
Let q(y) = 203*y + 2021. Determine q(-10).
-9
Let v(c) = -c**3 - 14*c**2 + 99*c + 15. Determine v(6).
-111
Let v(u) = -u**3 + 21*u**2 + 18*u + 43. What is v(22)?
-45
Let g(y) = -y**2 - 13*y + 54. What is g(3)?
6
Let d(k) = -2*k**2 + 73*k - 209. Calculate d(3).
-8
Let r(i) = 14*i**3 + 25*i**2 - 14*i - 36. Calculate r(-5).
-1091
Let c(v) = v**2 + 30*v - 149. Determine c(-34).
-13
Let z(o) = -o**2 + o + 23. Calculate z(10).
-67
Let l(w) = w**3 + 52*w**2 + 626*w - 21. Give l(-19).
-2
Let u(s) = -5*s**2 - 51*s - 47. Give u(-12).
-155
Let u(m) = -m**3 - 73*m**2 - 71*m + 60. Give u(-72).
-12
Let f(x) = 14*x + 375. Calculate f(-26).
11
Let u(d) = 13*d - 1659. Calculate u(133).
70
Let b(l) = l**2 + 151*l + 994. Calculate b(-144).
-14
Let i(d) = 129*d - 3471. What is i(27)?
12
Let k(g) = -6*g**2 - 117*g - 47. Calculate k(-18).
115
Let j(g) = -411*g - 2803. Calculate j(-7).
74
Let x(f) = -2*f**3 - 622*f**2 - 7*f - 2172. Determine x(-311).
5
Let s(n) = 5*n**3 + 19*n**2 - 85*n - 1. Give s(3).
50
Let t(i) = 83*i + 191. Give t(-2).
25
Let m(i) = 126*i + 7. Determine m(-2).
-245
Let p(x) = 125*x - 2191. Give p(18).
59
Let d(z) = 39*z - 977. Determine d(25).
-2
Let f(c) = -2*c**3 - 48*c**2 - 50*c - 75. What is f(-23)?
17
Let a(s) = -2*s**2 - 51*s - 74. Give a(-24).
-2
Let b(x) = -291*x + 25043. What is b(86)?
17
Let i(d) = d**3 - 10*d**2 - 179*d + 49. Calculate i(19).
-103
Let d(c) = -1004*c - 